46
Calculate the remainder when 15214 is divided by 12.
10
Calculate the remainder when 557 is divided by 26.
11
Calculate the remainder when 106317 is divided by 106.
105
What is the remainder when 858 is divided by 224?
186
What is the remainder when 48 is divided by 8?
0
Calculate the remainder when 222 is divided by 32.
30
What is the remainder when 5739 is divided by 164?
163
Calculate the remainder when 617 is divided by 264.
89
Calculate the remainder when 3767 is divided by 3.
2
Calculate the remainder when 877 is divided by 861.
16
Calculate the remainder when 995 is divided by 484.
27
What is the remainder when 73 is divided by 63?
10
What is the remainder when 1229 is divided by 54?
41
Calculate the remainder when 12222 is divided by 17.
16
What is the remainder when 147 is divided by 11?
4
What is the remainder when 75 is divided by 74?
1
Calculate the remainder when 2648 is divided by 50.
48
Calculate the remainder when 1300 is divided by 8.
4
Calculate the remainder when 79 is divided by 71.
8
What is the remainder when 6141 is divided by 74?
73
Calculate the remainder when 4294 is divided by 12.
10
Calculate the remainder when 215 is divided by 36.
35
What is the remainder when 849 is divided by 143?
134
What is the remainder when 91 is divided by 18?
1
What is the remainder when 479 is divided by 178?
123
Calculate the remainder when 390 is divided by 68.
50
Calculate the remainder when 37 is divided by 11.
4
Calculate the remainder when 967 is divided by 81.
76
What is the remainder when 667 is divided by 220?
7
Calculate the remainder when 354 is divided by 46.
32
What is the remainder when 174 is divided by 51?
21
What is the remainder when 3181 is divided by 153?
121
What is the remainder when 1715 is divided by 6?
5
Calculate the remainder when 592 is divided by 17.
14
What is the remainder when 331 is divided by 166?
165
What is the remainder when 986 is divided by 319?
29
Calculate the remainder when 533 is divided by 67.
64
Calculate the remainder when 263 is divided by 38.
35
What is the remainder when 91 is divided by 34?
23
Calculate the remainder when 77 is divided by 24.
5
What is the remainder when 168 is divided by 31?
13
Calculate the remainder when 4433 is divided by 222.
215
Calculate the remainder when 48 is divided by 11.
4
Calculate the remainder when 165 is divided by 13.
9
What is the remainder when 825 is divided by 92?
89
What is the remainder when 182 is divided by 59?
5
Calculate the remainder when 42920 is divided by 28.
24
What is the remainder when 1247 is divided by 78?
77
What is the remainder when 5464 is divided by 909?
10
Calculate the remainder when 860 is divided by 97.
84
Calculate the remainder when 277 is divided by 5.
2
Calculate the remainder when 1975 is divided by 128.
55
What is the remainder when 466 is divided by 155?
1
What is the remainder when 2163 is divided by 446?
379
What is the remainder when 1590 is divided by 20?
10
What is the remainder when 1172 is divided by 59?
51
Calculate the remainder when 1022 is divided by 147.
140
Calculate the remainder when 1254 is divided by 69.
12
What is the remainder when 4987 is divided by 29?
28
Calculate the remainder when 84 is divided by 13.
6
What is the remainder when 97 is divided by 18?
7
Calculate the remainder when 322 is divided by 139.
44
Calculate the remainder when 4890 is divided by 36.
30
What is the remainder when 301 is divided by 9?
4
What is the remainder when 1314 is divided by 189?
180
What is the remainder when 2373 is divided by 11?
8
Calculate the remainder when 944 is divided by 32.
16
What is the remainder when 1267 is divided by 27?
25
Calculate the remainder when 121 is divided by 31.
28
What is the remainder when 115 is divided by 26?
11
Calculate the remainder when 16434 is divided by 173.
172
Calculate the remainder when 2797 is divided by 56.
53
Calculate the remainder when 2417 is divided by 45.
32
What is the remainder when 2802 is divided by 187?
184
What is the remainder when 25 is divided by 12?
1
Calculate the remainder when 148 is divided by 48.
4
What is the remainder when 141 is divided by 22?
9
Calculate the remainder when 251 is divided by 33.
20
What is the remainder when 32 is divided by 21?
11
What is the remainder when 206 is divided by 66?
8
Calculate the remainder when 190 is divided by 40.
30
Calculate the remainder when 412 is divided by 189.
34
Calculate the remainder when 87 is divided by 46.
41
What is the remainder when 105 is divided by 18?
15
What is the remainder when 1839 is divided by 41?
35
What is the remainder when 1212 is divided by 15?
12
Calculate the remainder when 151 is divided by 31.
27
Calculate the remainder when 1276 is divided by 55.
11
Calculate the remainder when 376 is divided by 66.
46
Calculate the remainder when 2105 is divided by 132.
125
Calculate the remainder when 122 is divided by 78.
44
Calculate the remainder when 1036 is divided by 4.
0
What is the remainder when 3824 is divided by 132?
128
Calculate the remainder when 2113 is divided by 2108.
5
Calculate the remainder when 19456 is divided by 18.
16
Calculate the remainder when 213 is divided by 62.
27
What is the remainder when 62 is divided by 26?
10
What is the remainder when 172 is divided by 59?
54
What is the remainder when 591 is divided by 75?
66
What is the remainder when 242 is divided by 67?
41
What is the remainder when 296 is divided by 23?
20
Calculate the remainder when 775 is divided by 26.
21
Calculate the remainder when 290 is divided by 73.
71
Calculate the remainder when 3150 is divided by 787.
2
What is the remainder when 559 is divided by 121?
75
Calculate the remainder when 94 is divided by 19.
18
Calculate the remainder when 1147 is divided by 28.
27
Calculate the remainder when 1505 is divided by 18.
11
Calculate the remainder when 359 is divided by 60.
59
What is the remainder when 3258 is divided by 149?
129
Calculate the remainder when 7624 is divided by 121.
1
What is the remainder when 17 is divided by 7?
3
Calculate the remainder when 272 is divided by 55.
52
What is the remainder when 506 is divided by 23?
0
What is the remainder when 685 is divided by 18?
1
Calculate the remainder when 2214 is divided by 23.
6
Calculate the remainder when 4688 is divided by 134.
132
What is the remainder when 386 is divided by 63?
8
Calculate the remainder when 56 is divided by 16.
8
What is the remainder when 2483 is divided by 15?
8
What is the remainder when 348 is divided by 90?
78
Calculate the remainder when 212 is divided by 64.
20
What is the remainder when 385 is divided by 187?
11
Calculate the remainder when 18 is divided by 8.
2
Calculate the remainder when 1694 is divided by 113.
112
What is the remainder when 43 is divided by 8?
3
What is the remainder when 195 is divided by 30?
15
What is the remainder when 4156 is divided by 18?
16
What is the remainder when 549 is divided by 69?
66
Calculate the remainder when 827 is divided by 52.
47
Calculate the remainder when 1233 is divided by 59.
53
Calculate the remainder when 100 is divided by 22.
12
Calculate the remainder when 431 is divided by 23.
17
Calculate the remainder when 1973 is divided by 38.
35
What is the remainder when 866 is divided by 29?
25
Calculate the remainder when 451 is divided by 12.
7
Calculate the remainder when 877 is divided by 55.
52
What is the remainder when 4815 is divided by 43?
42
What is the remainder when 1030 is divided by 327?
49
What is the remainder when 1580 is divided by 43?
32
Calculate the remainder when 1814 is divided by 26.
20
What is the remainder when 2526 is divided by 46?
42
Calculate the remainder when 134 is divided by 15.
14
Calculate the remainder when 29 is divided by 2.
1
What is the remainder when 4132 is divided by 37?
25
Calculate the remainder when 300 is divided by 43.
42
Calculate the remainder when 14648 is divided by 10.
8
What is the remainder when 359 is divided by 18?
17
Calculate the remainder when 367 is divided by 2.
1
Calculate the remainder when 5251 is divided by 142.
139
What is the remainder when 674 is divided by 318?
38
Calculate the remainder when 253 is divided by 4.
1
What is the remainder when 475 is divided by 113?
23
What is the remainder